1111
Convert 123 (base 5) to base 14.
2a
-1 (base 2) to base 7
-1
What is -22 (base 8) in base 16?
-12
What is 3 (base 12) in base 7?
3
Convert -6d (base 14) to base 11.
-89
Convert -2 (base 15) to base 16.
-2
Convert -4 (base 9) to base 3.
-11
Convert 7 (base 8) to base 5.
12
What is 2 (base 4) in base 9?
2
Convert 3 (base 14) to base 2.
11
-2 (base 12) to base 8
-2
What is 0 (base 8) in base 11?
0
Convert 4 (base 10) to base 16.
4
Convert -57 (base 12) to base 9.
-74
What is 1 (base 15) in base 10?
1
-4 (base 16) to base 10
-4
What is -1a (base 15) in base 5?
-100
-310 (base 5) to base 9
-88
Convert 1 (base 15) to base 11.
1
What is 121 (base 4) in base 12?
21
3a (base 15) to base 9
61
-5 (base 15) to base 6
-5
What is -3 (base 4) in base 16?
-3
121 (base 4) to base 5
100
Convert -4 (base 11) to base 7.
-4
What is 19 (base 13) in base 6?
34
Convert 91 (base 11) to base 16.
64
Convert -3 (base 13) to base 10.
-3
What is -13 (base 9) in base 11?
-11
Convert 0 (base 5) to base 14.
0
What is 3 (base 16) in base 8?
3
Convert -2 (base 15) to base 6.
-2
What is -16 (base 10) in base 12?
-14
What is 0 (base 4) in base 9?
0
What is -2c (base 14) in base 13?
-31
Convert -4 (base 11) to base 7.
-4
What is -3 (base 7) in base 5?
-3
What is 1002 (base 3) in base 4?
131
What is -6 (base 16) in base 3?
-20
-16 (base 7) to base 11
-12
What is 20210 (base 3) in base 12?
133
-200 (base 4) to base 2
-100000
-8 (base 13) to base 3
-22
Convert 30 (base 11) to base 5.
113
Convert -d9 (base 16) to base 4.
-3121
-31 (base 11) to base 7
-46
Convert 0 (base 11) to base 12.
0
Convert -3 (base 12) to base 5.
-3
-20 (base 9) to base 8
-22
What is 3 (base 5) in base 4?
3
What is 315 (base 6) in base 11?
a9
What is 13 (base 8) in base 14?
b
What is 14 (base 15) in base 9?
21
-153 (base 7) to base 8
-127
What is -3 (base 6) in base 9?
-3
Convert 155 (base 7) to base 12.
75
What is 5 (base 7) in base 16?
5
270 (base 8) to base 10
184
Convert -13e (base 15) to base 7.
-554
Convert -2 (base 3) to base 11.
-2
Convert -11 (base 10) to base 6.
-15
What is -4 (base 6) in base 9?
-4
What is 10 (base 11) in base 3?
102
Convert -50 (base 11) to base 10.
-55
Convert -12 (base 5) to base 10.
-7
-51 (base 9) to base 4
-232
15 (base 10) to base 9
16
Convert 148 (base 12) to base 7.
404
Convert -10 (base 15) to base 16.
-f
What is 367 (base 10) in base 7?
1033
1 (base 12) to base 14
1
Convert 10 (base 2) to base 10.
2
34 (base 8) to base 11
26
Convert 5 (base 8) to base 2.
101
Convert 14 (base 11) to base 5.
30
Convert 65 (base 9) to base 5.
214
4 (base 8) to base 14
4
What is -5 (base 10) in base 14?
-5
39 (base 16) to base 9
63
-461 (base 9) to base 10
-379
Convert -1a (base 13) to base 12.
-1b
-3 (base 13) to base 10
-3
What is -1 (base 10) in base 12?
-1
What is 263 (base 7) in base 15?
98
Convert -13 (base 15) to base 4.
-102
-40 (base 8) to base 9
-35
-3 (base 15) to base 3
-10
21 (base 4) to base 9
10
41 (base 5) to base 10
21
What is -220 (base 7) in base 12?
-94
Convert -102 (base 5) to base 9.
-30
Convert -6 (base 11) to base 10.
-6
Convert 4 (base 14) to base 12.
4
What is 5 (base 8) in base 9?
5
Convert 167 (base 13) to base 8.
376
Convert -11 (base 11) to base 14.
-c
What is -47 (base 13) in base 9?
-65
Convert -100 (base 3) to base 16.
-9
Convert -1101 (base 5) to base 11.
-128
Convert a (base 16) to base 2.
1010
What is 51 (base 6) in base 13?
25
Convert -121 (base 4) to base 8.
-31
-1 (base 14) to base 10
-1
10 (base 2) to base 9
2
7 (base 12) to base 14
7
Convert 89 (base 14) to base 15.
81
What is 2 (base 6) in base 4?
2
What is -5 (base 15) in base 13?
-5
What is 2 (base 5) in base 2?
10
Convert -123 (base 9) to base 11.
-93
Convert -3 (base 9) to base 13.
-3
What is -100210 (base 3) in base 2?
-100001000
What is 1 (base 14) in base 12?
1
-1 (base 7) to base 8
-1
-3 (base 13) to base 10
-3
-7 (base 8) to base 12
-7
What is -11112 (base 3) in base 2?
-1111010
What is 28 (base 16) in base 9?
44
-2 (base 3) to base 9
-2
-3 (base 14) to base 2
-11
Convert 0 (base 9) to base 5.
0
What is 0 (base 16) in base 9?
0
-11 (base 5) to base 10
-6
b8 (base 13) to base 7
304
Convert -69 (base 13) to base 3.
-10020
What is 10 (base 4) in base 2?
100
Convert 33 (base 15) to base 13.
39
-23 (base 4) to base 13
-b
What is -2 (base 4) in base 5?
-2
0 (base 2) to base 13
0
Convert -137 (base 10) to base 7.
-254
2114 (base 5) to base 16
11c
121 (base 3) to base 2
10000
-114 (base 7) to base 15
-40
12 (base 13) to base 5
30
-111022 (base 3) to base 7
-1022
Convert -10 (base 2) to base 4.
-2
6 (base 16) to base 14
6
16 (base 13) to base 5
34
101 (base 2) to base 4
11
Convert 320 (base 5) to base 4.
1111
Convert 3 (base 9) to base 2.
11
-12201 (base 3) to base 5
-1104
44 (base 15) to base 9
71
Convert 5 (base 7) to base 10.
5
0 (base 6) to base 3
0
1 (base 2) to base 8
1
What is -30 (base 6) in base 15?
-13
40 (base 13) to base 7
103
Convert -7 (base 15) to base 13.
-7
6 (base 11) to base 14
6
Convert -1 (base 11) to base 2.
-1
What is 2c (base 14) in base 6?
104
Convert 21 (base 7) to base 4.
33
1 (base 7) to base 11
1
Convert 4 (base 7) to base 12.
4
-10 (base 6) to base 7
-6
Convert -3 (base 10) to base 9.
-3
Convert 205 (base 6) to base 5.
302
5 (base 7) to base 4
11
Convert 1112 (base 4) to base 10.
86
1 (base 14) to base 2
1
Convert -a3 (base 12) to base 14.
-8b
123 (base 5) to base 6
102
4e (base 15) to base 14
54
16 (base 9) to base 14
11
10010100 (base 2) to base 16
94
What is 2 (base 10) in base 14?
2
What is 232 (base 9) in base 2?
10111111
Convert 10 (base 2) to base 3.
2
1 (base 15) to base 8
1
What is 0 (base 11) in base 9?
0
Convert -1122 (base 4) to base 8.
-132
Convert -3a (base 13) to base 5.
-144
Convert -6 (base 15) to base 8.
-6
0 (base 8) to base 11
0
What is -150 (base 6) in base 3?
-2110
What is -82 (base 9) in base 6?
-202
1 (base 2) to base 14
1
Convert 1 (base 16) to base 13.
1
-22 (base 8) to base 14
-14
55 (base 8) to base 7
63
What is -40 (base 12) in base 3?
-1210
60 (base 8) to base 16
30
Convert -26 (base 15) to base 6.
-100
Convert 1010 (base 2) to base 11.
a
Convert -4 (base 16) to base 7.
-4
3 (base 13) to base 6
3
Convert 102 (base 6) to base 15.
28
-2 (base 8) to base 9
-2
What is 115 (base 7) in base 5?
221
Convert 3 (base 15) to base 11.
3
Convert 103 (base 7) to base 9.
57
What is 5 (base 10) in base 15?
5
-110 (base 2) to base 5
-11
Convert -3 (base 4) to base 6.
-3
What is 17 (base 10) in base 14?
13
-6 (base 11) to base 6
-10
20 (base 4) to base 10
8
What is 10111 (base 3) in base 5?
334
What is -25 (base 11) in base 6?
-43
141 (base 7) to base 14
58
129 (base 10) to base 14
93
-562 (base 7) to base 6
-1201
What is 0 (base 4) in base 14?
0
32 (base 6) to base 11
19
Convert -102 (base 4) to base 10.
-18
What is 102 (base 8) in base 3?
2110
What is -1001100 (base 2) in base 16?
-4c
Convert 120 (base 8) to base 9.
88
What is -10 (base 3) in base 13?
-3
10 (base 4) to base 9
4
3 (base 11) to base 10
3
Convert -24 (base 9) to base 10.
-22
What is -24 (base 10) in base 16?
-18
Convert -4 (base 16) to base 12.
-4
What is 12 (base 6) in base 11?
8
-1 (base 7) to base 11
-1
What is 10 (base 16) in base 7?
22
-44 (base 11) to base 2
-110000
Convert 21 (base 4) to base 13.
9
What is -10111 (base 2) in base 8?
-27
ce (base 16) to base 8
316
What is -5 (base 8) in base 12?
-5
-8 (base 16) to base 4
-20
Convert -115 (base 13) to base 11.
-160
-3 (base 4) to base 10
-3
What is 21 (base 5) in base 4?
23
102 (base 4) to base 14
14
Convert 7 (base 15) to base 5.
12
What is 0 (base 11) in base 16?
0
101 (base 7) to base 13
3b
8 (base 15) to base 12
8
-2 (base 5) to base 16
-2
What is 106 (base 14) in base 8?
312
Convert 38 (base 10) to base 16.
26
What is 0 (base 12) in base 8?
0
Convert 8 (base 15) to base 10.
8
Convert 63 (base 8) to base 13.
3c
Convert 1001011 (base 2) to base 8.
113
Convert 5 (base 12) to base 8.
5
What is -13 (base 16) in base 10?
-19
-2 (base 11) to base 10
-2
-15 (base 14) to base 16
-13
Convert 110111 (base 2) to base 13.
43
Convert -3 (base 5) to base 13.
-3
What is 9 (base 15) in base 8?
11
What is 12 (base 8) in base 9?
11
What is df (base 16) in base 8?
337
8 (base 9) to base 15
8
-1 (base 3) to base 16
-1
What is -137 (base 10) in bas